, what is -2 + 872893?
872891
In base 11, what is 1242 - 2a653?
-29411
In base 15, what is -a134254 - 2?
-a134256
In base 7, what is -5430566 + -10?
-5430606
In base 7, what is 11040 - 2541363?
-2530323
In base 16, what is 397fda6 - -6?
397fdac
In base 9, what is 121833 + 1765?
123708
In base 11, what is 17011073 + -2?
17011071
In base 6, what is -13 + -405512?
-405525
In base 9, what is 4 + 20564263?
20564267
In base 5, what is -3242014342 + 1112?
-3242013230
In base 11, what is -55a0837 + 3?
-55a0834
In base 13, what is -1 + c76588?
c76587
In base 14, what is -1d528 + 181?
-1d387
In base 12, what is 1b47 + 237a?
4305
In base 16, what is 46 + -25d609?
-25d5c3
In base 12, what is 0 + 114662a?
114662a
In base 7, what is -14013314 + 0?
-14013314
In base 14, what is 1c5cb + 4b?
1c638
In base 8, what is 71141056 + 4?
71141062
In base 2, what is -10110010 + 10101000001100100?
10100111110110010
In base 14, what is 3656 - 29cd?
a67
In base 10, what is -1582 + 661092?
659510
In base 14, what is 1 + d4b351?
d4b352
In base 11, what is 1346 + -8950?
-7605
In base 9, what is -8242573 - 25?
-8242608
In base 14, what is 9 + 44819d6?
4481a01
In base 13, what is -9 - -c60999?
c60990
In base 11, what is 118 + -48776?
-48659
In base 9, what is -1610 + 15217?
13507
In base 16, what is 4 + -130351a?
-1303516
In base 8, what is -62736 - 72?
-63030
In base 9, what is 7 + -41871028?
-41871021
In base 10, what is 3052614 - -8?
3052622
In base 3, what is -22121 + -21020002020?
-21020101211
In base 4, what is 3 + 213203203312?
213203203321
In base 11, what is -24460 - 3344?
-277a4
In base 5, what is 102434 + -2431442?
-2324003
In base 12, what is 33840388 + 0?
33840388
In base 9, what is -3 + 7621047?
7621044
In base 16, what is 6a8ea - -e?
6a8f8
In base 15, what is -3 + 1168102d?
1168102a
In base 10, what is 72 - -3397872?
3397944
In base 14, what is -96867b9 + -1?
-96867ba
In base 12, what is -4 + 28286?
28282
In base 9, what is -1882 - 8261?
-11253
In base 3, what is 11221100120200 + 1?
11221100120201
In base 8, what is 2333 - -2452?
5005
In base 8, what is 1612 + -77240?
-75426
In base 10, what is 978703 + -437?
978266
In base 6, what is 0 - -200341201?
200341201
In base 7, what is -11655 + -14226?
-26214
In base 8, what is -4 - -273444613?
273444607
In base 10, what is -86 - -523676?
523590
In base 14, what is 4a512 + 1d3?
4a705
In base 9, what is 173 + 63261?
63444
In base 9, what is 362 - -126611?
127073
In base 13, what is -8 - -9ac9806?
9ac97cb
In base 13, what is -5 - -7c8080?
7c8078
In base 11, what is -1 + -662167?
-662168
In base 3, what is -200 + 1102110121111?
1102110120211
In base 10, what is -613474 - -40?
-613434
In base 2, what is 1111000100 + 110111001011?
1000110001111
In base 3, what is -212200 + -2211112120?
-2212102020
In base 11, what is -117a65a61 - 5?
-117a65a66
In base 2, what is 11 + 1011111100001001111?
1011111100001010010
In base 14, what is 3 - 1c0716d?
-1c0716a
In base 12, what is 5 - -172b60a?
172b613
In base 10, what is -26964806 + -4?
-26964810
In base 7, what is 1426 - -26020?
30446
In base 16, what is 37 - -218149?
218180
In base 8, what is -2215526 + -7?
-2215535
In base 12, what is -2a + 416139?
41610b
In base 2, what is -101000101110011100 - -10000100101011?
-100110101001110001
In base 5, what is -3422 - 10240231?
-10244203
In base 11, what is 829 - -69606?
6a334
In base 7, what is 1253 - -12166120?
12200403
In base 4, what is 110103131300003 - 2?
110103131300001
In base 10, what is -395 + 648935?
648540
In base 11, what is -5a25642 + 24?
-5a25619
In base 15, what is 2bde60d0 + 2?
2bde60d2
In base 16, what is -5c9afb + -5?
-5c9b00
In base 5, what is -301014123212 - -10?
-301014123202
In base 12, what is -53b - -31b8?
2879
In base 8, what is 475770 + -77?
475671
In base 5, what is 3344431240 + -102?
3344431133
In base 16, what is fb3f36 + -a?
fb3f2c
In base 4, what is 11232211221011 - -3?
11232211221020
In base 7, what is -4144 - 12461002?
-12465146
In base 4, what is 2132 - -11112233010?
11112301202
In base 2, what is 10000000000100 + -10000110100011?
-110011111
In base 6, what is -52305 - 1105333?
-1202042
In base 12, what is 35 - -9ba53?
9ba88
In base 14, what is -a3271 + 948?
-a2727
In base 2, what is -11001000000011 - 10011010100000?
-101100010100011
In base 5, what is 22430310 + -103?
22430202
In base 3, what is 10102 - -22011122020?
22011202122
In base 13, what is 34 - -20c5b70?
20c5ba4
In base 4, what is -1020133 - 2220000?
-3300133
In base 8, what is -2103334 - 233?
-2103567
In base 7, what is -6261 - 152432?
-162023
In base 16, what is 7c3 - -1bed7?
1c69a
In base 16, what is -83a3a7b - -4?
-83a3a77
In base 3, what is -21001222 - -12210202?
-1021020
In base 6, what is 1340 + 433?
2213
In base 7, what is 23322250 + 3?
23322253
In base 3, what is 10111011 + 2202022121?
2212210202
In base 10, what is 35 + -516293?
-516258
In base 8, what is 10157 + 235351?
245530
In base 12, what is 2568b0 - 525?
256387
In base 13, what is aac47 - -c7?
ab041
In base 2, what is -11010011001001 - -1111?
-11010010111010
In base 15, what is -31a90 - -8b1?
-311ce
In base 11, what is -495 + -33194?
-33679
In base 11, what is -62 - 585665?
-585717
In base 11, what is 6a0 + -52985?
-52295
In base 16, what is 9d + -22ab9?
-22a1c
In base 8, what is 1 - 666675406?
-666675405
In base 9, what is -447 - 103125?
-103573
In base 6, what is -423331 + -400?
-424131
In base 6, what is 225201525 + 1?
225201530
In base 7, what is 433363 + -163?
433200
In base 2, what is 101001101001101101101 + 1010?
101001101001101110111
In base 8, what is 1250 - -35167?
36437
In base 8, what is -13571 + 11104?
-2465
In base 7, what is 31 - 12415416?
-12415355
In base 15, what is b490 + -a14?
a97b
In base 2, what is 1010101010000011100100010 - -100110?
1010101010000011101001000
In base 2, what is -1000 + -11111101110011001101?
-11111101110011010101
In base 11, what is 12 + -5536534?
-5536522
In base 6, what is -320533051 + 2?
-320533045
In base 2, what is 101001101010101101111101 + 11?
101001101010101110000000
In base 16, what is -2078 + -4?
-207c
In base 8, what is 11774 - 672?
11102
In base 7, what is -1132655 - -1454?
-1131201
In base 2, what is -1101000010011011000010 + -1111?
-1101000010011011010001
In base 14, what is 3b2d871 + -3?
3b2d86c
In base 14, what is -c + -55ba3?
-55bb1
In base 14, what is 1a826 - -3b?
1a863
In base 5, what is 4134103243 - -3?
4134103301
In base 11, what is -201363 + -7?
-20136a
In base 5, what is 101 - -102012022?
102012123
In base 8, what is -1555707576 - -4?
-1555707572
In base 6, what is -200252554 + -45?
-200253043
In base 10, what is -3717630 - -8?
-3717622
In base 6, what is 32345333133 - -2?
32345333135
In base 15, what is -25585ec + -4?
-2558601
In base 7, what is -154604 + -61460?
-246364
In base 15, what is 13 - -134ca?
134dd
In base 14, what is 1a4283 + 3?
1a4286
In base 11, what is 132 - 2476?
-2344
In base 2, what is -11001010111010 + -11001111001?
-11100100110011
In base 7, what is 2040 + 26063250?
26065320
In base 8, what is 12 - 77767021?
-77767007
In base 8, what is -32205 + 111422?
57215
In base 5, what is -1031141 + 133241?
-342400
In base 5, what is -10 + -4010244211?
-4010244221
In base 8, what is 644001 - 3?
643776
In base 9, what is -1372 - 108027?
-110410
In base 14, what is -13 + -9d711?
-9d724
In base 10, what is 21 + 6226768?
6226789
In base 15, what is 1 - 2dd470?
-2dd46e
In base 5, what is 2033 - 1042132320?
-1042130232
In base 3, what is -11112122111020 - 1220?
-11112122120010
In base 6, what is 14512032 - -103?
14512135
In base 12, what is -77 + -4421a15?
-4421a90
In base 14, what is 1c446 + c12?
1d258
In base 8, what is -12705 - -13347?
442
In base 8, what is 614154762 + 1?
614154763
In base 10, what is -639361 + 0?
-639361
In base 13, what is -28206b06 - -1?
-28206b05
In base 14, what is -7d20a87 - 3?
-7d20a8a
In base 8, what is 5 - -1120251355?
1120251362
In base 3, what is -11 - 1002100101021120?
-1002100101021201
In base 10, what is -2139510 - -4?
-2139506
In base 15, what is 41b + 1c0d?
2129
In base 13, what is 5571ba7 - -2?
5571ba9
In base 7, what is -236 - 246540?
-250106
In base 12, what is -182 - 7ba49?
-8000b
In base 13, what is 4 - 322a74?
-322a70
In base 15, what is -ceb + 1c0?
-b2b
In base 7, wha